{"id":71,"date":"2013-08-16T09:06:08","date_gmt":"2013-08-16T09:06:08","guid":{"rendered":"http:\/\/orchestre-harmonie-saverne.fr\/?page_id=71"},"modified":"2014-04-23T14:10:49","modified_gmt":"2014-04-23T14:10:49","slug":"edito","status":"publish","type":"page","link":"http:\/\/orchestre-harmonie-saverne.fr\/?page_id=71","title":{"rendered":"Pr\u00e9sentation | Edito"},"content":{"rendered":"<p>&nbsp;<\/p>\n<h2>Pr\u00e9sentation :<\/h2>\n<p align=\"LEFT\">La commune de Saverne se situe en Alsace, dans le Bas-Rhin (67), \u00e0 l&rsquo;ouest de ce d\u00e9partement, pr\u00e8s de la limite avec la Lorraine. La ville est situ\u00e9e \u00e0 environ 40 kilom\u00e8tres au nord-ouest de Strasbourg, capitale Alsacienne. Elle se place au premier plan des passages naturels du plateau lorrain \u00e0 la plaine d&rsquo;Alsace. Depuis des si\u00e8cles, les grands courants historiques et culturels ont marqu\u00e9 la ville de leur empreinte.<\/p>\n<p align=\"LEFT\"><a href=\"http:\/\/orchestre-harmonie-saverne.fr\/wp-content\/uploads\/millot-herve-printemps15-D73.jpg\"><img loading=\"lazy\" decoding=\"async\" alt=\"Saverne\" src=\"http:\/\/orchestre-harmonie-saverne.fr\/wp-content\/uploads\/millot-herve-printemps15-D73-400x300.jpg\" width=\"400\" height=\"300\" \/><\/a><\/p>\n<p align=\"LEFT\">L\u2019Orchestre d\u2019Harmonie de Saverne se veut \u00e0 l\u2019image des habitants de la ville qu&rsquo;il repr\u00e9sente : des musiciennes et des musiciens attachants, travailleurs passionn\u00e9s et exigeants, ouverts \u00e0 toutes les formes et \u00e0 toutes les sensibilit\u00e9s musicales, le tout dans un esprit particuli\u00e8rement convivial.<\/p>\n<p align=\"LEFT\"><a href=\"http:\/\/orchestre-harmonie-saverne.fr\/wp-content\/uploads\/IMGP6154-2.jpg\"><img loading=\"lazy\" decoding=\"async\" alt=\"IMGP6154-2\" src=\"http:\/\/orchestre-harmonie-saverne.fr\/wp-content\/uploads\/IMGP6154-2.jpg\" width=\"561\" height=\"388\" \/><\/a><\/p>\n<p align=\"LEFT\">Plac\u00e9 depuis septembre 2012 sous la direction d&rsquo;Alexandre JUNG, l&rsquo;Orchestre d&rsquo;Harmonie de Saverne compte aujourd&rsquo;hui 80 instrumentistes amateurs (bois, cuivres, percussions, contrebasses \u00e0 cordes, piano et harpe), d&rsquo;une moyenne d&rsquo;\u00e2ge de 30 ans, qui ont plaisir \u00e0 se rassembler autour d&rsquo;une m\u00eame passion pour l&rsquo;orchestre \u00e0 vent. Depuis sa cr\u00e9ation, l&rsquo;ensemble entretient une \u00e9troite collaboration avec l&rsquo;\u00e9tablissement d&rsquo;enseignement artistique de la ville assurant ainsi la formation et la p\u00e9rennit\u00e9 de son effectif.<\/p>\n<p align=\"LEFT\">Nous vous invitons maintenant \u00e0 consulter :<\/p>\n<ul>\n<li><a href=\"http:\/\/orchestre-harmonie-saverne.fr\/?page_id=343\"><b>Le mot du Pr\u00e9sient<\/b> <\/a><\/li>\n<\/ul>\n<style style=\"font-family: Lucida Sans,Lucida Sans Unicode,sans-serif;\" type=\"text\/css\"><!--\nAll<!--\n<span id=\"mce_marker\" data-mce-type=\"bookmark\"><\/span><span id=\"__caret\">_<\/span><!-- P { margin-bottom: 0.21cm; text-align: left; }P.western { font-size: 10pt; }P.cjk { font-size: 10pt; }P.ctl { font-size: 10pt; }A:link { color: rgb(0, 0, 255); }\n--><\/style>\n","protected":false},"excerpt":{"rendered":"<p>&nbsp; Pr\u00e9sentation : La commune de Saverne se situe en Alsace, dans le Bas-Rhin (67), \u00e0 l&rsquo;ouest de ce d\u00e9partement, pr\u00e8s de la limite avec la Lorraine. La ville est situ\u00e9e \u00e0 environ 40 kilom\u00e8tres au nord-ouest de Strasbourg, capitale Alsacienne. Elle se place au premier plan des passages naturels du plateau lorrain \u00e0 la &hellip; <\/p>\n<p class=\"link-more\"><a href=\"http:\/\/orchestre-harmonie-saverne.fr\/?page_id=71\" class=\"more-link\">Continuer la lecture<span class=\"screen-reader-text\"> de &laquo;&nbsp;Pr\u00e9sentation | Edito&nbsp;&raquo;<\/span><\/a><\/p>\n","protected":false},"author":1,"featured_media":0,"parent":69,"menu_order":1,"comment_status":"closed","ping_status":"closed","template":"","meta":{"footnotes":""},"class_list":["post-71","page","type-page","status-publish","hentry"],"_links":{"self":[{"href":"http:\/\/orchestre-harmonie-saverne.fr\/index.php?rest_route=\/wp\/v2\/pages\/71","targetHints":{"allow":["GET"]}}],"collection":[{"href":"http:\/\/orchestre-harmonie-saverne.fr\/index.php?rest_route=\/wp\/v2\/pages"}],"about":[{"href":"http:\/\/orchestre-harmonie-saverne.fr\/index.php?rest_route=\/wp\/v2\/types\/page"}],"author":[{"embeddable":true,"href":"http:\/\/orchestre-harmonie-saverne.fr\/index.php?rest_route=\/wp\/v2\/users\/1"}],"replies":[{"embeddable":true,"href":"http:\/\/orchestre-harmonie-saverne.fr\/index.php?rest_route=%2Fwp%2Fv2%2Fcomments&post=71"}],"version-history":[{"count":14,"href":"http:\/\/orchestre-harmonie-saverne.fr\/index.php?rest_route=\/wp\/v2\/pages\/71\/revisions"}],"predecessor-version":[{"id":349,"href":"http:\/\/orchestre-harmonie-saverne.fr\/index.php?rest_route=\/wp\/v2\/pages\/71\/revisions\/349"}],"up":[{"embeddable":true,"href":"http:\/\/orchestre-harmonie-saverne.fr\/index.php?rest_route=\/wp\/v2\/pages\/69"}],"wp:attachment":[{"href":"http:\/\/orchestre-harmonie-saverne.fr\/index.php?rest_route=%2Fwp%2Fv2%2Fmedia&parent=71"}],"curies":[{"name":"wp","href":"https:\/\/api.w.org\/{rel}","templated":true}]}}

Présentation | Edito

<p>&nbsp;</p>
<h2>Présentation :</h2>
<p align="LEFT">La commune de Saverne se situe en Alsace, dans le Bas-Rhin (67), à l&rsquo;ouest de ce département, près de la limite avec la Lorraine. La ville est située à environ 40 kilomètres au nord-ouest de Strasbourg, capitale Alsacienne. Elle se place au premier plan des passages naturels du plateau lorrain à la plaine d&rsquo;Alsace. Depuis des siècles, les grands courants historiques et culturels ont marqué la ville de leur empreinte.</p>
<p align="LEFT"><a href="http://orchestre-harmonie-saverne.fr/wp-content/uploads/millot-herve-printemps15-D73.jpg"><img loading="lazy" decoding="async" alt="Saverne" src="http://orchestre-harmonie-saverne.fr/wp-content/uploads/millot-herve-printemps15-D73-400x300.jpg" width="400" height="300" /></a></p>
<p align="LEFT">L’Orchestre d’Harmonie de Saverne se veut à l’image des habitants de la ville qu&rsquo;il représente : des musiciennes et des musiciens attachants, travailleurs passionnés et exigeants, ouverts à toutes les formes et à toutes les sensibilités musicales, le tout dans un esprit particulièrement convivial.</p>
<p align="LEFT"><a href="http://orchestre-harmonie-saverne.fr/wp-content/uploads/IMGP6154-2.jpg"><img loading="lazy" decoding="async" alt="IMGP6154-2" src="http://orchestre-harmonie-saverne.fr/wp-content/uploads/IMGP6154-2.jpg" width="561" height="388" /></a></p>
<p align="LEFT">Placé depuis septembre 2012 sous la direction d&rsquo;Alexandre JUNG, l&rsquo;Orchestre d&rsquo;Harmonie de Saverne compte aujourd&rsquo;hui 80 instrumentistes amateurs (bois, cuivres, percussions, contrebasses à cordes, piano et harpe), d&rsquo;une moyenne d&rsquo;âge de 30 ans, qui ont plaisir à se rassembler autour d&rsquo;une même passion pour l&rsquo;orchestre à vent. Depuis sa création, l&rsquo;ensemble entretient une étroite collaboration avec l&rsquo;établissement d&rsquo;enseignement artistique de la ville assurant ainsi la formation et la pérennité de son effectif.</p>
<p align="LEFT">Nous vous invitons maintenant à consulter :</p>
<ul>
<li><a href="http://orchestre-harmonie-saverne.fr/?page_id=343"><b>Le mot du Présient</b> </a></li>
</ul>
<style style="font-family: Lucida Sans,Lucida Sans Unicode,sans-serif;" type="text/css"><!--
All<!--
<span id="mce_marker" data-mce-type="bookmark"></span><span id="__caret">_</span><!-- P { margin-bottom: 0.21cm; text-align: left; }P.western { font-size: 10pt; }P.cjk { font-size: 10pt; }P.ctl { font-size: 10pt; }A:link { color: rgb(0, 0, 255); }
--></style>

<p>&nbsp; Présentation : La commune de Saverne se situe en Alsace, dans le Bas-Rhin (67), à l&rsquo;ouest de ce département, près de la limite avec la Lorraine. La ville est située à environ 40 kilomètres au nord-ouest de Strasbourg, capitale Alsacienne. Elle se place au premier plan des passages naturels du plateau lorrain à la &hellip; </p>
<p class="link-more"><a href="http://orchestre-harmonie-saverne.fr/?page_id=71" class="more-link">Continuer la lecture<span class="screen-reader-text"> de &laquo;&nbsp;Présentation | Edito&nbsp;&raquo;</span></a></p>
