{"id":544,"date":"2018-08-14T09:41:41","date_gmt":"2018-08-14T09:41:41","guid":{"rendered":"http:\/\/orchestre-harmonie-saverne.fr\/?page_id=544"},"modified":"2019-04-25T07:26:28","modified_gmt":"2019-04-25T07:26:28","slug":"laurent-wolf","status":"publish","type":"page","link":"https:\/\/orchestre-harmonie-saverne.fr\/?page_id=544","title":{"rendered":"Laurent WOLF, Saxophone"},"content":{"rendered":"<p><img loading=\"lazy\" decoding=\"async\" class=\"alignnone size-medium wp-image-545\" src=\"http:\/\/orchestre-harmonie-saverne.fr\/wp-content\/uploads\/15085620_426492067475022_7386168609565039729_n-200x300.jpg\" alt=\"\" width=\"200\" height=\"300\" srcset=\"https:\/\/orchestre-harmonie-saverne.fr\/wp-content\/uploads\/15085620_426492067475022_7386168609565039729_n-200x300.jpg 200w, https:\/\/orchestre-harmonie-saverne.fr\/wp-content\/uploads\/15085620_426492067475022_7386168609565039729_n.jpg 427w\" sizes=\"auto, (max-width: 200px) 100vw, 200px\" \/><\/p>\n<p>CONCERT D\u2019HIVER 2016<br \/>\n04\/12\/2016<\/p>\n<p>N\u00e9 en 1969, Laurent Wolf \u00e9tudie la musique au Conservatoire de Strasbourg, o\u00f9 il suit l\u2019enseignement de Philippe Geiss. Il y d\u00e9croche deux m\u00e9dailles d\u2019or, en musique de chambre et en saxophone. Il obtient ensuite le dipl\u00f4me de soliste dans la classe de R .Roellinger, \u00e0 l\u2019unanimit\u00e9 et avec f\u00e9licitations du jury \u00e0 la Hochschule de Berne. Eclectique et curieux, il multiplie les r\u00e9compenses et compl\u00e8te alors sa formation, notamment \u00e0 la Jazz school de Berne dans la classe de George Robert. Outre ses activit\u00e9s d\u2019enseignement ( il est professeur titulaire \u00e0 la Haute Ecole de Berne et de Lausanne depuis 2001), il d\u00e9veloppe de nombreux projets artistiques, que ce soit en soliste, en chambriste ou dans des formations comme les Yiddishe Mamas &amp; Papas et aujourd\u2019hui encore, Strasax. Il se produit aussi r\u00e9guli\u00e8rement avec des orchestres : Orchestre Philarmonique de Strasbourg, Orchestre Symphonique de Mulhouse, Orchestre Symphonique de Berne et d\u2019Heidelberg. Cette polyvalence et la ma\u00eetrise parfaite de son instrument lui permettent d\u2019explorer un r\u00e9pertoire vaste et de varier tr\u00e8s largement les styles ( jazz, classique, baroque, gospel\u2026 ). Il a pu \u00e0 ce titre jouer avec le tentett de George Robert, mais \u00e9galement avec des musiciens comme Daniel Humair, Jerry Bergonzi, Robert Bonisolo, Marcel Loeffler, Park Stickney, Bob Mintzer ou encore David Linx. Touche \u2013 \u00e0 \u2013 tout et dynamique, Laurent Wolf aime les d\u00e9fis. Et ces derniers l\u2019am\u00e8nent \u00e0 se produire dans des lieux divers pour des ambiances parfois diam\u00e9tralement oppos\u00e9es : il a jou\u00e9 avec le grand orgue de la cath\u00e9drale de Strasbourg dans le cadre des manifestations du mill\u00e9naire, avec l\u2019Orchestre Philarmonique de Strasbourg en plein air au jardin des deux rives, ou encore au Victoria Hall de Gen\u00e8ve dans le cadre d\u2019une tourn\u00e9e de quarante dates avec Marie \u2013 Th\u00e8rese Porchet. Membre actif du Yiddishe Mamas &amp; Papas, il a assur\u00e9 deux mois de repr\u00e9sentations \u00e0 l\u2019Europ\u00e9en \u00e0 Paris et au Z\u00e9nith de Strasbourg. Sa collaboration \u00e0 de nombreux disques de George Robert, Strasax, les Yiddishe Mamas &amp; Papas atteste de sa facult\u00e9 \u00e0 passer d\u2019un univers \u00e0 l\u2019autre avec aisance. Il a activement particip\u00e9 \u00e0 l\u2019\u00e9laboration du magnifique spectacle hommage \u00e0 Alain Bashung, \u00ab Laisse venir \u00bb avec jeans Fauque, dans le cadre de Jazz d\u2019or en 2015. Le fil conducteur de ces activit\u00e9s reste bien s\u00fbr la musique, qu\u2019il pratique avec une passion accrue au fil des ans et qu\u2019il ne cesse d\u2019explorer pour en accro\u00eetre tant la connaissance que le partage.<\/p>\n<p>\u0152UVRE INTERPR\u00c9T\u00c9\u00a0:<br \/>\nBirds \/ Toshio MASHIMA<\/p>\n<p>&nbsp;<\/p>\n","protected":false},"excerpt":{"rendered":"<p>CONCERT D\u2019HIVER 2016 04\/12\/2016 N\u00e9 en 1969, Laurent Wolf \u00e9tudie la musique au Conservatoire de Strasbourg, o\u00f9 il suit l\u2019enseignement de Philippe Geiss. Il y d\u00e9croche deux m\u00e9dailles d\u2019or, en musique de chambre et en saxophone. Il obtient ensuite le dipl\u00f4me de soliste dans la classe de R .Roellinger, \u00e0 l\u2019unanimit\u00e9 et avec f\u00e9licitations du &hellip; <\/p>\n<p class=\"link-more\"><a href=\"https:\/\/orchestre-harmonie-saverne.fr\/?page_id=544\" class=\"more-link\">Continuer la lecture<span class=\"screen-reader-text\"> de &laquo;&nbsp;Laurent WOLF, Saxophone&nbsp;&raquo;<\/span><\/a><\/p>\n","protected":false},"author":1,"featured_media":0,"parent":79,"menu_order":14,"comment_status":"closed","ping_status":"closed","template":"","meta":{"footnotes":""},"class_list":["post-544","page","type-page","status-publish","hentry"],"_links":{"self":[{"href":"https:\/\/orchestre-harmonie-saverne.fr\/index.php?rest_route=\/wp\/v2\/pages\/544","targetHints":{"allow":["GET"]}}],"collection":[{"href":"https:\/\/orchestre-harmonie-saverne.fr\/index.php?rest_route=\/wp\/v2\/pages"}],"about":[{"href":"https:\/\/orchestre-harmonie-saverne.fr\/index.php?rest_route=\/wp\/v2\/types\/page"}],"author":[{"embeddable":true,"href":"https:\/\/orchestre-harmonie-saverne.fr\/index.php?rest_route=\/wp\/v2\/users\/1"}],"replies":[{"embeddable":true,"href":"https:\/\/orchestre-harmonie-saverne.fr\/index.php?rest_route=%2Fwp%2Fv2%2Fcomments&post=544"}],"version-history":[{"count":2,"href":"https:\/\/orchestre-harmonie-saverne.fr\/index.php?rest_route=\/wp\/v2\/pages\/544\/revisions"}],"predecessor-version":[{"id":617,"href":"https:\/\/orchestre-harmonie-saverne.fr\/index.php?rest_route=\/wp\/v2\/pages\/544\/revisions\/617"}],"up":[{"embeddable":true,"href":"https:\/\/orchestre-harmonie-saverne.fr\/index.php?rest_route=\/wp\/v2\/pages\/79"}],"wp:attachment":[{"href":"https:\/\/orchestre-harmonie-saverne.fr\/index.php?rest_route=%2Fwp%2Fv2%2Fmedia&parent=544"}],"curies":[{"name":"wp","href":"https:\/\/api.w.org\/{rel}","templated":true}]}}